{"id":215058,"date":"2023-11-27T10:19:12","date_gmt":"2023-11-27T09:19:12","guid":{"rendered":"https:\/\/www.visionsdureel.ch\/?post_type=vdr-on-tour&#038;p=215058"},"modified":"2023-12-11T11:18:56","modified_gmt":"2023-12-11T10:18:56","slug":"notre-corps","status":"publish","type":"vdr-on-tour","link":"https:\/\/2026.visionsdureel.ch\/en\/vdr-on-tour\/notre-corps\/","title":{"rendered":"VdR on Tour: Notre corps"},"content":{"rendered":"\n<p>\u00c0 l&#8217;occasion de la sortie de <em><a href=\"https:\/\/2026.visionsdureel.ch\/en\/film\/2023\/notre-corps\/\">Notre Corps<\/a><\/em> le 29 novembre dans les salles de Suisse romande, ne manquez pas deux projections en avant-premi\u00e8re suisse. La r\u00e9alisatrice, <a href=\"https:\/\/2026.visionsdureel.ch\/programme\/invite-dhonneur\/claire-simon\/\">Claire Simon<\/a> a \u00e9t\u00e9 l&#8217;invit\u00e9e d&#8217;honneur de Visions du R\u00e9el en 2018, et s&#8217;est vu remettre le prix <strong>Sesterce d\u2019or\u00a0Prix Raiffeisen Ma\u00eetre du R\u00e9el<\/strong>. <\/p>\n\n\n\n<p><strong>Projections: <\/strong><\/p>\n\n\n\n<ul class=\"wp-block-list\">\n<li>Lundi 27 novembre \u00e0 19h00 aux <a href=\"https:\/\/www.cinemas-du-grutli.ch\/agenda\/43849-avant-premiere-de-notre-corps\">Cin\u00e9mas du Gr\u00fctli<\/a>, Gen\u00e8ve \u2013 en pr\u00e9sence de la r\u00e9alisatrice <br><a href=\"https:\/\/www.cinemas-du-grutli.ch\/agenda\/43849-avant-premiere-de-notre-corps\">R\u00e9server<\/a><\/li>\n\n\n\n<li>Mardi 28 novembre \u00e0 19h00 \u00e0 la <a href=\"https:\/\/live.cinematheque.ch\/films\/notre-corps\">Cin\u00e9math\u00e8que<\/a> de Lausanne<br><a href=\"https:\/\/live.cinematheque.ch\/films\/notre-corps\">R\u00e9server<\/a><\/li>\n<\/ul>\n\n\n\n<p><em>Notre corps<\/em> sera par la suite \u00e0 l&#8217;affiche aux <a href=\"https:\/\/www.cinemas-du-grutli.ch\/films\/44007-notre-corps\">Cin\u00e9mas du Gr\u00fctli <\/a>et au <a href=\"https:\/\/www.cityclubpully.ch\/\">City Club <\/a>de Pully. <\/p>\n\n\n\n<p><em><a href=\"https:\/\/2026.visionsdureel.ch\/en\/film\/2023\/notre-corps\/\" target=\"_blank\" rel=\"noreferrer noopener\">Notre corps <\/a><\/em><\/p>\n\n\n\n<p><\/p>\n\n\n\n<ul class=\"wp-block-list\">\n<li>Claire&nbsp;Simon<\/li>\n\n\n\n<li>France | 2023 | 168 min<\/li>\n\n\n\n<li>Premi\u00e8re suisse<\/li>\n\n\n\n<li>Langue : fran\u00e7ais<\/li>\n\n\n\n<li>Sous-titres : anglais<\/li>\n<\/ul>\n\n\n\n<p>Dans un h\u00f4pital parisien, Claire Simon filme un service o\u00f9 les destins de femmes se croisent : IVG, endom\u00e9triose, PMA, maternit\u00e9, transition de genre, cancer\u2026 L\u00e0, elle recueille les histoires de ces personnes : leurs espoirs, leurs d\u00e9sirs, mais aussi leurs peurs. Le destin de Claire Simon croisera bient\u00f4t le leur, dans cette oeuvre essentielle de cin\u00e9ma et d\u2019humanit\u00e9.<\/p>\n\n\n\n<p><\/p>\n\n\n\n<p><strong>Trailer<\/strong>: <\/p>\n\n\n\n<figure class=\"wp-block-embed is-type-video is-provider-youtube wp-block-embed-youtube wp-embed-aspect-16-9 wp-has-aspect-ratio\"><div class=\"wp-block-embed__wrapper\">\n<iframe loading=\"lazy\" title=\"Trailer | Notre corps | Claire Simon\" width=\"580\" height=\"326\" src=\"https:\/\/www.youtube.com\/embed\/QLZAYTCU9e8?feature=oembed&#038;modestbranding=1&#038;showinfo=0&#038;rel=0\" frameborder=\"0\" allow=\"accelerometer; autoplay; clipboard-write; encrypted-media; gyroscope; picture-in-picture; web-share\" referrerpolicy=\"strict-origin-when-cross-origin\" allowfullscreen><\/iframe>\n<\/div><\/figure>\n","protected":false},"excerpt":{"rendered":"<p>Notre corps est \u00e0 l\u2019affiche durant tout le mois de d\u00e9cembre au City Club de Pully &#038; aux Cin\u00e9mas du Gr\u00fctli \u00e0 Gen\u00e8ve. <\/p>\n","protected":false},"featured_media":215059,"menu_order":0,"template":"","meta":{"_acf_changed":false},"class_list":["post-215058","vdr-on-tour","type-vdr-on-tour","status-publish","has-post-thumbnail","hentry","venue-vdrontour-geneve","venue-vdrontour-pully"],"acf":[],"_links":{"self":[{"href":"https:\/\/2026.visionsdureel.ch\/en\/wp-json\/wp\/v2\/vdr-on-tour\/215058","targetHints":{"allow":["GET"]}}],"collection":[{"href":"https:\/\/2026.visionsdureel.ch\/en\/wp-json\/wp\/v2\/vdr-on-tour"}],"about":[{"href":"https:\/\/2026.visionsdureel.ch\/en\/wp-json\/wp\/v2\/types\/vdr-on-tour"}],"wp:featuredmedia":[{"embeddable":true,"href":"https:\/\/2026.visionsdureel.ch\/en\/wp-json\/wp\/v2\/media\/215059"}],"wp:attachment":[{"href":"https:\/\/2026.visionsdureel.ch\/en\/wp-json\/wp\/v2\/media?parent=215058"}],"curies":[{"name":"wp","href":"https:\/\/api.w.org\/{rel}","templated":true}]}}

<p>À l&#8217;occasion de la sortie de <em><a href="https://2026.visionsdureel.ch/en/film/2023/notre-corps/">Notre Corps</a></em> le 29 novembre dans les salles de Suisse romande, ne manquez pas deux projections en avant-première suisse. La réalisatrice, <a href="https://2026.visionsdureel.ch/programme/invite-dhonneur/claire-simon/">Claire Simon</a> a été l&#8217;invitée d&#8217;honneur de Visions du Réel en 2018, et s&#8217;est vu remettre le prix <strong>Sesterce d’or Prix Raiffeisen Maître du Réel</strong>. </p>



<p><strong>Projections: </strong></p>



<ul class="wp-block-list">
<li>Lundi 27 novembre à 19h00 aux <a href="https://www.cinemas-du-grutli.ch/agenda/43849-avant-premiere-de-notre-corps">Cinémas du Grütli</a>, Genève – en présence de la réalisatrice <br><a href="https://www.cinemas-du-grutli.ch/agenda/43849-avant-premiere-de-notre-corps">Réserver</a></li>



<li>Mardi 28 novembre à 19h00 à la <a href="https://live.cinematheque.ch/films/notre-corps">Cinémathèque</a> de Lausanne<br><a href="https://live.cinematheque.ch/films/notre-corps">Réserver</a></li>
</ul>



<p><em>Notre corps</em> sera par la suite à l&#8217;affiche aux <a href="https://www.cinemas-du-grutli.ch/films/44007-notre-corps">Cinémas du Grütli </a>et au <a href="https://www.cityclubpully.ch/">City Club </a>de Pully. </p>



<p><em><a href="https://2026.visionsdureel.ch/en/film/2023/notre-corps/" target="_blank" rel="noreferrer noopener">Notre corps </a></em></p>



<p></p>



<ul class="wp-block-list">
<li>Claire&nbsp;Simon</li>



<li>France | 2023 | 168 min</li>



<li>Première suisse</li>



<li>Langue : français</li>



<li>Sous-titres : anglais</li>
</ul>



<p>Dans un hôpital parisien, Claire Simon filme un service où les destins de femmes se croisent : IVG, endométriose, PMA, maternité, transition de genre, cancer… Là, elle recueille les histoires de ces personnes : leurs espoirs, leurs désirs, mais aussi leurs peurs. Le destin de Claire Simon croisera bientôt le leur, dans cette oeuvre essentielle de cinéma et d’humanité.</p>



<p></p>



<p><strong>Trailer</strong>: </p>



<figure class="wp-block-embed is-type-video is-provider-youtube wp-block-embed-youtube wp-embed-aspect-16-9 wp-has-aspect-ratio"><div class="wp-block-embed__wrapper">
<iframe loading="lazy" title="Trailer | Notre corps | Claire Simon" width="580" height="326" src="https://www.youtube.com/embed/QLZAYTCU9e8?feature=oembed&#038;modestbranding=1&#038;showinfo=0&#038;rel=0" frameborder="0" allow="accelerometer; autoplay; clipboard-write; encrypted-media; gyroscope; picture-in-picture; web-share" referrerpolicy="strict-origin-when-cross-origin" allowfullscreen></iframe>
</div></figure>

<p>Notre corps est à l’affiche durant tout le mois de décembre au City Club de Pully &#038; aux Cinémas du Grütli à Genève. </p>
