{"id":9820,"date":"2020-01-01T19:15:34","date_gmt":"2020-01-01T18:15:34","guid":{"rendered":"https:\/\/vdr.daisybell.ch\/news\/claire-denis\/"},"modified":"2024-01-15T16:09:09","modified_gmt":"2024-01-15T15:09:09","slug":"claire-denis","status":"publish","type":"invite-dhonneur","link":"https:\/\/2026.visionsdureel.ch\/de\/programm\/ehrengast\/claire-denis\/","title":{"rendered":"Claire Denis"},"content":{"rendered":"\n<h2 class=\"wp-block-heading\" id=\"h-hommage-an-eine-der-bedeutendsten-filmemacherinnen-des-zeitgen-ssischen-kinos\">Hommage an eine der bedeutendsten Filmemacherinnen des zeitgen\u00f6ssischen Kinos<\/h2>\n\n\n\n<p>Visions du R\u00e9el ehrt die grosse, radikale und abenteuerlustige Filmemacherin Claire Denis mit dem Sesterce d\u2019or Prix Raiffeisen Ma\u00eetre du R\u00e9el. Sie ist eine herausragende Pers\u00f6nlichkeit des zeitgen\u00f6ssischen Filmschaffens. Sie drehte \u00fcber 30 Kinofilme, darunter sechs Dokumentarfilme. Eine selektive Retrospektive ist ihrem Werk gewidmet, und sie wird w\u00e4hrend der Festivaldaten eineOnline-Masterclass abhalten. Diese Einladung erfolgt in Zusammenarbeit mit der&nbsp;<a href=\"https:\/\/www.cinematheque.ch\/d\/\" target=\"_blank\" rel=\"noreferrer noopener\">Cin\u00e9math\u00e8que suisse<\/a>&nbsp;und der&nbsp;<a href=\"https:\/\/www.ecal.ch\/fr\/100\/homepage\" target=\"_blank\" rel=\"noreferrer noopener\">ECAL<\/a>&nbsp;(Ecole cantonale d\u2019art de Lausanne).<\/p>\n\n\n\n<h2 class=\"wp-block-heading\" id=\"h-masterclass\">Masterclass<\/h2>\n\n\n\n<figure class=\"wp-block-embed is-type-video is-provider-youtube wp-block-embed-youtube wp-embed-aspect-16-9 wp-has-aspect-ratio\"><div class=\"wp-block-embed__wrapper\">\n<iframe loading=\"lazy\" title=\"VdR2020 | Masterclass Ma\u00eetre du R\u00e9el Claire Denis (English version)\" width=\"580\" height=\"326\" src=\"https:\/\/www.youtube.com\/embed\/DSCDz-cjYBg?feature=oembed&#038;modestbranding=1&#038;showinfo=0&#038;rel=0\" frameborder=\"0\" allow=\"accelerometer; autoplay; clipboard-write; encrypted-media; gyroscope; picture-in-picture; web-share\" referrerpolicy=\"strict-origin-when-cross-origin\" allowfullscreen><\/iframe>\n<\/div><\/figure>\n\n\n<div id=\"tabs-block_3b4a769b081be345993541910c441eaa\" class=\"tabs\">\n\t\t<ul class=\"nav nav-tabs sticky-top\" role=\"tablist\">\n\t\t\t  \t<li class=\"nav-item\" role=\"presentation\">\n\t\t\t<a \n\t\t\t   \tclass=\"nav-link h3 mb-0 active pl-0\" \n\t\t\t   \tid=\"tab_id85-1-tab\" \n\t\t\t   \tdata-toggle=\"tab\" \n\t\t\t   \thref=\"#tab_id85-1\" \n\t\t\t   \trole=\"tab\" \n\t\t\t   \taria-controls=\"tab_id85-1\" \n\t\t\t   \taria-selected=\"true\">\n\t\t\t\t\tBiografy\t\t\t<\/a>\n\t  \t<\/li>\n\t\t\t  \t<li class=\"nav-item\" role=\"presentation\">\n\t\t\t<a \n\t\t\t   \tclass=\"nav-link h3 mb-0 \" \n\t\t\t   \tid=\"tab_id4-2-tab\" \n\t\t\t   \tdata-toggle=\"tab\" \n\t\t\t   \thref=\"#tab_id4-2\" \n\t\t\t   \trole=\"tab\" \n\t\t\t   \taria-controls=\"tab_id4-2\" \n\t\t\t   \taria-selected=\"true\">\n\t\t\t\t\tFilmografy\t\t\t<\/a>\n\t  \t<\/li>\n\t\t\t<\/ul>\n\t<div class=\"tab-content\">\n\t\t\t\t<div \n\t\t\t class=\"tab-pane pt-3 fade show active\" \n\t\t\t id=\"tab_id85-1\" \n\t\t\t role=\"tabpanel\" \n\t\t\t aria-labelledby=\"tab_id85-1-tab\">\n\t\t\t\t<p>Claire Denis, eine der bedeutendsten Pers\u00f6nlichkeiten des zeitgen\u00f6ssischen Kinos, kam als Jugendliche zur\u00fcck nach Frankreich, nachdem sie ihre Kindheit in verschiedenen L\u00e4ndern Afrikas verbracht hatte. Erst da entdeckte sie das Kino, sp\u00e4ter den Kino Klub des Gymnasiums, und schlussendlich das Autorenkino an der franz\u00f6sischen Cin\u00e9math\u00e8que. Sie studierte Literatur und Wirtschaft, arbeitete f\u00fcr das Schulfernsehen des Niger, und studierte anschliessend am Institut des Hautes \u00e9tudes cin\u00e9matographiques in Paris. Sie drehte Kurzfilme und wurde Regieassistentin, etwa bei Jacques Rivette (der 1990 Gegenstand ihres Dokumentarfilms\u00a0<em>Jacques Rivette, Le Veilleur\u00a0<\/em>war), Du\u0161an Makavejev, Roberto Enrico und Costa-Gavras. 1983 arbeitete sie mit Wim Wenders an\u00a0<em>Paris, Texas<\/em>\u00a0und\u00a0<em>Der Himmel \u00fcber Berlin<\/em>. Nachdem sie 1986 f\u00fcr Jim Jarmusch, welchen sie \u00fcber den Musiker John Lurie kennen gelernt hatte, als Assistentin bei\u00a0<em>Down by Law<\/em>\u00a0gearbeitet hatte, drehte sie 1988 ihren ersten eigenen Film\u00a0<em>Chocolat<\/em>, welcher sogleich f\u00fcr die Filmfestspiele Cannes ausgew\u00e4hlt und 1989 f\u00fcr den C\u00e9sar nominiert wurde. Dies war auch die erste Zusammenarbeit mit Agn\u00e8s Godard, welche sie an der Filmhochschule La F\u00e9mis kennenlernte, und die Kamerafrau f\u00fcr alle ihre sp\u00e4teren Filme wurde. Es folgten rund 30 Filme, darunter sechs Dokumentarfilme und nicht weniger als 17 Kinofilme, unter anderem\u00a0<em>N\u00e9nette et Boni<\/em>,\u00a0f\u00fcr welchen sie 1996 den Goldener Leopard am Locarno Film Festival erhielt, der emblematische Film\u00a0<em>Beau Travail<\/em>, welcher auch an den Internationalen Filmfestspielen von Venedig im Jahre 1990 gezeigt wurde, sowie\u00a0<em>Trouble Every Day<\/em>\u00a0mit B\u00e9atrice Dalle und Vincent Gallo, welcher 2001 an den Internationalen Filmfestspielen von Cannes vorgef\u00fchrt wurde. Ihr letztes Werk,\u00a0<em>High Life<\/em>,\u00a0zugleich umstritten und umjubelt, begann seinen Erfolg an den Filmfestivals von San Sebastian, Toronto und New York (2018), und zeigt Robert Pattinson und Juliette Binoche, mit welcher Claire Denis bereits mehrfach gedreht hat.<\/p>\n<p>\u00dcber ihre Dokumentarfilme hinaus unterh\u00e4lt Claire Denis auf einzigartige und einf\u00fchlsame Weise einen immer wiederkehrenden Bezug zur Realit\u00e4t in der Fiktion oder sogar in der Science-Fiction. Sie erm\u00f6glicht die Entfaltung einer reellen Materie in der Fiktion durch das Erschaffen von L\u00fccken und Pausen, sei es im Rhythmus der Montage, oder der Erforschung von K\u00f6rpern und Begehren, welche die M\u00f6glichkeiten des reinen Schauspiels oder deren Inszenierung \u00fcberschreitet. Aus nebens\u00e4chlichen Ereignissen, einer pers\u00f6nlichen Erfahrung oder dem K\u00f6rper eines Schauspielers oder einer Schauspielerin kreiert Claire Denis kinematografische Objekte, welche zugleich modern und abenteuerlich sind, zwischen formaler Strenge und euphorischer Sinnlichkeit pendeln.<\/p>\n\t\t<\/div>\n\t\t\t\t<div \n\t\t\t class=\"tab-pane pt-3 fade \" \n\t\t\t id=\"tab_id4-2\" \n\t\t\t role=\"tabpanel\" \n\t\t\t aria-labelledby=\"tab_id4-2-tab\">\n\t\t\t\t<ul>\n<li><em>High Life<\/em>, 2018<\/li>\n<li><em>Un beau soleil int\u00e9rieur<\/em>, 2017<\/li>\n<li><em>Le Camp de Breidjing,<\/em> 2015<\/li>\n<li><em>Contact<\/em>, 2014<\/li>\n<li><em>Voil\u00e0 l\u2019encha\u00eenement<\/em>, 2014<\/li>\n<li><em>Les Salauds<\/em>, 2013<\/li>\n<li><em>Venezia 70:<\/em> Future Reloaded, 2013<\/li>\n<li><em>Aller au diable<\/em>, 2011<\/li>\n<li><em>White Material,<\/em> 2010<\/li>\n<li><em>35 rhums,<\/em> 2008<\/li>\n<li><em>Vers Mathilde,<\/em> 2005<\/li>\n<li><em>L\u2019Intrus,<\/em> 2004<\/li>\n<li><em>Vendredi soir,<\/em> 2002<\/li>\n<li><em>Vers Nancy (Segment du film Ten Minutes Older: The Cello)<\/em>, 2002<\/li>\n<li><em>Trouble Every Day,<\/em> 2001<\/li>\n<li><em>Beau travail,<\/em> 1999<\/li>\n<li><em>N\u00e9nette et Boni,<\/em> 1996<\/li>\n<li><em>Nice, very Nice<\/em> (Segment du film A propos de Nice, la suite), 1994<\/li>\n<li><em>J\u2019ai pas sommeil,<\/em> 1994<\/li>\n<li><em>U.S. Go Home (Collection : Tous les gar\u00e7ons et les filles de leur \u00e2ge),<\/em> 1994<\/li>\n<li><em>La Robe \u00e0 cerceau (\u00e9pisode de la s\u00e9rie Monologues),<\/em> 1993<\/li>\n<li><em>Keep It for Yourself (Segment du film Figaro Story),<\/em> 1991<\/li>\n<li><em>Pour Ushari Ahmed Mahmoud, Soudan (Segment de la s\u00e9rie Contre l\u2019Oubli),<\/em> 1991<\/li>\n<li><em>Jacques Rivette, le veilleur. 1re partie : le jour (Collection : Cin\u00e9aste de notre temps),<\/em> 1990<\/li>\n<li><em>Jacques Rivette, le veilleur. 2e partie : la nuit (Collection : Cin\u00e9aste de notre temps),<\/em> 1990<\/li>\n<li><em>S\u2019en fout la mort,<\/em> 1990<\/li>\n<li><em>Man No Run,<\/em> 1989<\/li>\n<li><em>Chocolat,<\/em> 1988<\/li>\n<li><em>Le 15 Mai,<\/em> 1969<\/li>\n<\/ul>\n\t\t<\/div>\n\t\t\t<\/div>\n\t<\/div>\n\n\n\n<h2 class=\"wp-block-heading\" id=\"h-programm-der-retrospektive\">Programm&nbsp;der&nbsp;Retrospektive<\/h2>\n\n\n<\/div>\n<\/div>\n<div class=\"row mt-3 px-1 justify-content-center\">\n    <div class=\"col-6 col-md-5 col-xl-4 film_thumb px-1\">\n    <a href=\"https:\/\/2026.visionsdureel.ch\/de\/film\/2020\/man-no-run\/\" class=\"thumbnail-16-9 \">\n\t\t<img loading=\"lazy\" decoding=\"async\" width=\"244\" height=\"180\" src=\"https:\/\/2026.visionsdureel.ch\/wp-content\/uploads\/2021\/01\/739530-244x180.jpg\" class=\"attachment-thumbnail size-thumbnail wp-post-image\" alt=\"Film still of the film Man No Run, directed by Claire Denis, Visions du R\u00e9el 2020\" sizes=\"auto, (max-width: 575px) 100vw, (max-width: 991px) calc((100vw - 6.5rem) \/ 3), (-webkit-min-device-pixel-ratio: 1.5) calc((100vw - 7.5rem) \/ 4 \/ 1.5), calc((100vw - 7.5rem) \/ 4)\" srcset=\"https:\/\/2026.visionsdureel.ch\/wp-content\/uploads\/2021\/01\/739530-244x180.jpg 244w, https:\/\/2026.visionsdureel.ch\/wp-content\/uploads\/2021\/01\/739530-325x240.jpg 325w, https:\/\/2026.visionsdureel.ch\/wp-content\/uploads\/2021\/01\/739530-488x360.jpg 488w, https:\/\/2026.visionsdureel.ch\/wp-content\/uploads\/2021\/01\/739530.jpg 650w\" \/>\t    \n    <\/a>\t\t\n<a href=\"https:\/\/2026.visionsdureel.ch\/de\/film\/2020\/man-no-run\/\" class=\"link-reverse film-caption \">\n\t<span class=\"film_title\">Man No Run<\/span>\n\t<span class=\"font-weight-normal\">Claire&nbsp;Denis<\/span>\n<\/a>\n\n  <\/div>\n    <div class=\"col-6 col-md-5 col-xl-4 film_thumb px-1\">\n    <a href=\"https:\/\/2026.visionsdureel.ch\/de\/film\/2020\/vers-mathilde\/\" class=\"thumbnail-16-9 \">\n\t\t<img loading=\"lazy\" decoding=\"async\" width=\"314\" height=\"180\" src=\"https:\/\/2026.visionsdureel.ch\/wp-content\/uploads\/2021\/01\/751679-314x180.jpg\" class=\"attachment-thumbnail size-thumbnail wp-post-image\" alt=\"\" sizes=\"auto, (max-width: 575px) 100vw, (max-width: 991px) calc((100vw - 6.5rem) \/ 3), (-webkit-min-device-pixel-ratio: 1.5) calc((100vw - 7.5rem) \/ 4 \/ 1.5), calc((100vw - 7.5rem) \/ 4)\" srcset=\"https:\/\/2026.visionsdureel.ch\/wp-content\/uploads\/2021\/01\/751679-314x180.jpg 314w, https:\/\/2026.visionsdureel.ch\/wp-content\/uploads\/2021\/01\/751679-838x480.jpg 838w, https:\/\/2026.visionsdureel.ch\/wp-content\/uploads\/2021\/01\/751679-419x240.jpg 419w, https:\/\/2026.visionsdureel.ch\/wp-content\/uploads\/2021\/01\/751679-629x360.jpg 629w, https:\/\/2026.visionsdureel.ch\/wp-content\/uploads\/2021\/01\/751679.jpg 959w\" \/>\t    \n    <\/a>\t\t\n<a href=\"https:\/\/2026.visionsdureel.ch\/de\/film\/2020\/vers-mathilde\/\" class=\"link-reverse film-caption \">\n\t<span class=\"film_title\">Vers Mathilde<\/span>\n\t<span class=\"font-weight-normal\">Claire&nbsp;Denis<\/span>\n<\/a>\n\n  <\/div>\n  <\/div>\n<div class=\"row mt-4\">\n<div class=\"col-12 col-sm-10 col-md-9 col-lg-7 col-xl-6 mx-auto\">\n","protected":false},"excerpt":{"rendered":"<p>Hommage an eine der bedeutendsten Filmemacherinnen des zeitgen\u00f6ssischen Kinos Visions du R\u00e9el ehrt die grosse, radikale und abenteuerlustige Filmemacherin Claire<\/p>\n","protected":false},"featured_media":9221,"menu_order":0,"template":"","meta":{"_acf_changed":false},"class_list":["post-9820","invite-dhonneur","type-invite-dhonneur","status-publish","has-post-thumbnail","hentry"],"acf":[],"_links":{"self":[{"href":"https:\/\/2026.visionsdureel.ch\/de\/wp-json\/wp\/v2\/invite-dhonneur\/9820","targetHints":{"allow":["GET"]}}],"collection":[{"href":"https:\/\/2026.visionsdureel.ch\/de\/wp-json\/wp\/v2\/invite-dhonneur"}],"about":[{"href":"https:\/\/2026.visionsdureel.ch\/de\/wp-json\/wp\/v2\/types\/invite-dhonneur"}],"wp:featuredmedia":[{"embeddable":true,"href":"https:\/\/2026.visionsdureel.ch\/de\/wp-json\/wp\/v2\/media\/9221"}],"wp:attachment":[{"href":"https:\/\/2026.visionsdureel.ch\/de\/wp-json\/wp\/v2\/media?parent=9820"}],"curies":[{"name":"wp","href":"https:\/\/api.w.org\/{rel}","templated":true}]}}

<h2 class="wp-block-heading" id="h-hommage-an-eine-der-bedeutendsten-filmemacherinnen-des-zeitgen-ssischen-kinos">Hommage an eine der bedeutendsten Filmemacherinnen des zeitgenössischen Kinos</h2>



<p>Visions du Réel ehrt die grosse, radikale und abenteuerlustige Filmemacherin Claire Denis mit dem Sesterce d’or Prix Raiffeisen Maître du Réel. Sie ist eine herausragende Persönlichkeit des zeitgenössischen Filmschaffens. Sie drehte über 30 Kinofilme, darunter sechs Dokumentarfilme. Eine selektive Retrospektive ist ihrem Werk gewidmet, und sie wird während der Festivaldaten eineOnline-Masterclass abhalten. Diese Einladung erfolgt in Zusammenarbeit mit der&nbsp;<a href="https://www.cinematheque.ch/d/" target="_blank" rel="noreferrer noopener">Cinémathèque suisse</a>&nbsp;und der&nbsp;<a href="https://www.ecal.ch/fr/100/homepage" target="_blank" rel="noreferrer noopener">ECAL</a>&nbsp;(Ecole cantonale d’art de Lausanne).</p>



<h2 class="wp-block-heading" id="h-masterclass">Masterclass</h2>



<figure class="wp-block-embed is-type-video is-provider-youtube wp-block-embed-youtube wp-embed-aspect-16-9 wp-has-aspect-ratio"><div class="wp-block-embed__wrapper">
<iframe loading="lazy" title="VdR2020 | Masterclass Maître du Réel Claire Denis (English version)" width="580" height="326" src="https://www.youtube.com/embed/DSCDz-cjYBg?feature=oembed&#038;modestbranding=1&#038;showinfo=0&#038;rel=0" frameborder="0" allow="accelerometer; autoplay; clipboard-write; encrypted-media; gyroscope; picture-in-picture; web-share" referrerpolicy="strict-origin-when-cross-origin" allowfullscreen></iframe>
</div></figure>


<div id="tabs-block_3b4a769b081be345993541910c441eaa" class="tabs">
		<ul class="nav nav-tabs sticky-top" role="tablist">
			  	<li class="nav-item" role="presentation">
			<a 
			   	class="nav-link h3 mb-0 active pl-0" 
			   	id="tab_id85-1-tab" 
			   	data-toggle="tab" 
			   	href="#tab_id85-1" 
			   	role="tab" 
			   	aria-controls="tab_id85-1" 
			   	aria-selected="true">
					Biografy			</a>
	  	</li>
			  	<li class="nav-item" role="presentation">
			<a 
			   	class="nav-link h3 mb-0 " 
			   	id="tab_id4-2-tab" 
			   	data-toggle="tab" 
			   	href="#tab_id4-2" 
			   	role="tab" 
			   	aria-controls="tab_id4-2" 
			   	aria-selected="true">
					Filmografy			</a>
	  	</li>
			</ul>
	<div class="tab-content">
				<div 
			 class="tab-pane pt-3 fade show active" 
			 id="tab_id85-1" 
			 role="tabpanel" 
			 aria-labelledby="tab_id85-1-tab">
				<p>Claire Denis, eine der bedeutendsten Persönlichkeiten des zeitgenössischen Kinos, kam als Jugendliche zurück nach Frankreich, nachdem sie ihre Kindheit in verschiedenen Ländern Afrikas verbracht hatte. Erst da entdeckte sie das Kino, später den Kino Klub des Gymnasiums, und schlussendlich das Autorenkino an der französischen Cinémathèque. Sie studierte Literatur und Wirtschaft, arbeitete für das Schulfernsehen des Niger, und studierte anschliessend am Institut des Hautes études cinématographiques in Paris. Sie drehte Kurzfilme und wurde Regieassistentin, etwa bei Jacques Rivette (der 1990 Gegenstand ihres Dokumentarfilms <em>Jacques Rivette, Le Veilleur </em>war), Dušan Makavejev, Roberto Enrico und Costa-Gavras. 1983 arbeitete sie mit Wim Wenders an <em>Paris, Texas</em> und <em>Der Himmel über Berlin</em>. Nachdem sie 1986 für Jim Jarmusch, welchen sie über den Musiker John Lurie kennen gelernt hatte, als Assistentin bei <em>Down by Law</em> gearbeitet hatte, drehte sie 1988 ihren ersten eigenen Film <em>Chocolat</em>, welcher sogleich für die Filmfestspiele Cannes ausgewählt und 1989 für den César nominiert wurde. Dies war auch die erste Zusammenarbeit mit Agnès Godard, welche sie an der Filmhochschule La Fémis kennenlernte, und die Kamerafrau für alle ihre späteren Filme wurde. Es folgten rund 30 Filme, darunter sechs Dokumentarfilme und nicht weniger als 17 Kinofilme, unter anderem <em>Nénette et Boni</em>, für welchen sie 1996 den Goldener Leopard am Locarno Film Festival erhielt, der emblematische Film <em>Beau Travail</em>, welcher auch an den Internationalen Filmfestspielen von Venedig im Jahre 1990 gezeigt wurde, sowie <em>Trouble Every Day</em> mit Béatrice Dalle und Vincent Gallo, welcher 2001 an den Internationalen Filmfestspielen von Cannes vorgeführt wurde. Ihr letztes Werk, <em>High Life</em>, zugleich umstritten und umjubelt, begann seinen Erfolg an den Filmfestivals von San Sebastian, Toronto und New York (2018), und zeigt Robert Pattinson und Juliette Binoche, mit welcher Claire Denis bereits mehrfach gedreht hat.</p>
<p>Über ihre Dokumentarfilme hinaus unterhält Claire Denis auf einzigartige und einfühlsame Weise einen immer wiederkehrenden Bezug zur Realität in der Fiktion oder sogar in der Science-Fiction. Sie ermöglicht die Entfaltung einer reellen Materie in der Fiktion durch das Erschaffen von Lücken und Pausen, sei es im Rhythmus der Montage, oder der Erforschung von Körpern und Begehren, welche die Möglichkeiten des reinen Schauspiels oder deren Inszenierung überschreitet. Aus nebensächlichen Ereignissen, einer persönlichen Erfahrung oder dem Körper eines Schauspielers oder einer Schauspielerin kreiert Claire Denis kinematografische Objekte, welche zugleich modern und abenteuerlich sind, zwischen formaler Strenge und euphorischer Sinnlichkeit pendeln.</p>
		</div>
				<div 
			 class="tab-pane pt-3 fade " 
			 id="tab_id4-2" 
			 role="tabpanel" 
			 aria-labelledby="tab_id4-2-tab">
				<ul>
<li><em>High Life</em>, 2018</li>
<li><em>Un beau soleil intérieur</em>, 2017</li>
<li><em>Le Camp de Breidjing,</em> 2015</li>
<li><em>Contact</em>, 2014</li>
<li><em>Voilà l’enchaînement</em>, 2014</li>
<li><em>Les Salauds</em>, 2013</li>
<li><em>Venezia 70:</em> Future Reloaded, 2013</li>
<li><em>Aller au diable</em>, 2011</li>
<li><em>White Material,</em> 2010</li>
<li><em>35 rhums,</em> 2008</li>
<li><em>Vers Mathilde,</em> 2005</li>
<li><em>L’Intrus,</em> 2004</li>
<li><em>Vendredi soir,</em> 2002</li>
<li><em>Vers Nancy (Segment du film Ten Minutes Older: The Cello)</em>, 2002</li>
<li><em>Trouble Every Day,</em> 2001</li>
<li><em>Beau travail,</em> 1999</li>
<li><em>Nénette et Boni,</em> 1996</li>
<li><em>Nice, very Nice</em> (Segment du film A propos de Nice, la suite), 1994</li>
<li><em>J’ai pas sommeil,</em> 1994</li>
<li><em>U.S. Go Home (Collection : Tous les garçons et les filles de leur âge),</em> 1994</li>
<li><em>La Robe à cerceau (épisode de la série Monologues),</em> 1993</li>
<li><em>Keep It for Yourself (Segment du film Figaro Story),</em> 1991</li>
<li><em>Pour Ushari Ahmed Mahmoud, Soudan (Segment de la série Contre l’Oubli),</em> 1991</li>
<li><em>Jacques Rivette, le veilleur. 1re partie : le jour (Collection : Cinéaste de notre temps),</em> 1990</li>
<li><em>Jacques Rivette, le veilleur. 2e partie : la nuit (Collection : Cinéaste de notre temps),</em> 1990</li>
<li><em>S’en fout la mort,</em> 1990</li>
<li><em>Man No Run,</em> 1989</li>
<li><em>Chocolat,</em> 1988</li>
<li><em>Le 15 Mai,</em> 1969</li>
</ul>
		</div>
			</div>
	</div>



<h2 class="wp-block-heading" id="h-programm-der-retrospektive">Programm&nbsp;der&nbsp;Retrospektive</h2>


</div>
</div>
<div class="row mt-3 px-1 justify-content-center">
    <div class="col-6 col-md-5 col-xl-4 film_thumb px-1">
    <a href="https://2026.visionsdureel.ch/de/film/2020/man-no-run/" class="thumbnail-16-9 ">
		<img loading="lazy" decoding="async" width="244" height="180" src="https://2026.visionsdureel.ch/wp-content/uploads/2021/01/739530-244x180.jpg" class="attachment-thumbnail size-thumbnail wp-post-image" alt="Film still of the film Man No Run, directed by Claire Denis, Visions du Réel 2020" sizes="auto, (max-width: 575px) 100vw, (max-width: 991px) calc((100vw - 6.5rem) / 3), (-webkit-min-device-pixel-ratio: 1.5) calc((100vw - 7.5rem) / 4 / 1.5), calc((100vw - 7.5rem) / 4)" srcset="https://2026.visionsdureel.ch/wp-content/uploads/2021/01/739530-244x180.jpg 244w, https://2026.visionsdureel.ch/wp-content/uploads/2021/01/739530-325x240.jpg 325w, https://2026.visionsdureel.ch/wp-content/uploads/2021/01/739530-488x360.jpg 488w, https://2026.visionsdureel.ch/wp-content/uploads/2021/01/739530.jpg 650w" />	    
    </a>		
<a href="https://2026.visionsdureel.ch/de/film/2020/man-no-run/" class="link-reverse film-caption ">
	<span class="film_title">Man No Run</span>
	<span class="font-weight-normal">Claire&nbsp;Denis</span>
</a>

  </div>
    <div class="col-6 col-md-5 col-xl-4 film_thumb px-1">
    <a href="https://2026.visionsdureel.ch/de/film/2020/vers-mathilde/" class="thumbnail-16-9 ">
		<img loading="lazy" decoding="async" width="314" height="180" src="https://2026.visionsdureel.ch/wp-content/uploads/2021/01/751679-314x180.jpg" class="attachment-thumbnail size-thumbnail wp-post-image" alt="" sizes="auto, (max-width: 575px) 100vw, (max-width: 991px) calc((100vw - 6.5rem) / 3), (-webkit-min-device-pixel-ratio: 1.5) calc((100vw - 7.5rem) / 4 / 1.5), calc((100vw - 7.5rem) / 4)" srcset="https://2026.visionsdureel.ch/wp-content/uploads/2021/01/751679-314x180.jpg 314w, https://2026.visionsdureel.ch/wp-content/uploads/2021/01/751679-838x480.jpg 838w, https://2026.visionsdureel.ch/wp-content/uploads/2021/01/751679-419x240.jpg 419w, https://2026.visionsdureel.ch/wp-content/uploads/2021/01/751679-629x360.jpg 629w, https://2026.visionsdureel.ch/wp-content/uploads/2021/01/751679.jpg 959w" />	    
    </a>		
<a href="https://2026.visionsdureel.ch/de/film/2020/vers-mathilde/" class="link-reverse film-caption ">
	<span class="film_title">Vers Mathilde</span>
	<span class="font-weight-normal">Claire&nbsp;Denis</span>
</a>

  </div>
  </div>
<div class="row mt-4">
<div class="col-12 col-sm-10 col-md-9 col-lg-7 col-xl-6 mx-auto">

<p>Hommage an eine der bedeutendsten Filmemacherinnen des zeitgenössischen Kinos Visions du Réel ehrt die grosse, radikale und abenteuerlustige Filmemacherin Claire</p>
