{"id":26551,"date":"2021-02-08T01:00:53","date_gmt":"2021-02-08T00:00:53","guid":{"rendered":"https:\/\/vdr.daisybell.ch\/?p=26551"},"modified":"2026-03-09T21:37:03","modified_gmt":"2026-03-09T20:37:03","slug":"logeur-euse-s","status":"publish","type":"info","link":"https:\/\/2026.visionsdureel.ch\/de\/info\/logeur-euse-s\/","title":{"rendered":"Logeur\u00b7euse\u00b7s"},"content":{"rendered":"\n<p>Chaque ann\u00e9e, nous sommes \u00e0 la recherche de logements pour accueillir les \u00e9quipes du Festival sur Nyon. La prochaine \u00e9dition se d\u00e9roulera du 17 au 26 avril 2026. N&#8217;h\u00e9sitez pas \u00e0 prendre contact avec nous si vous avez une chambre \u00e0 disposition durant cette p\u00e9riode pour accueillir notre merveilleuse \u00e9quipe!<\/p>\n\n\n\n<div class=\"wp-block-buttons is-layout-flex wp-block-buttons-is-layout-flex\">\n<div class=\"wp-block-button has-custom-width wp-block-button__width-50 is-style-outline is-style-outline--1\"><a class=\"wp-block-button__link has-accent-color has-text-color has-link-color wp-element-button\" href=\"mailto:contact@visionsdureel.ch\" style=\"border-radius:0px\">Devenir logeur\u00b7euse\u00b7s<\/a><\/div>\n<\/div>\n\n\n\n<h2 class=\"wp-block-heading\"><br>Vos privil\u00e8ges <\/h2>\n\n\n\n<p>En contrepartie de votre g\u00e9n\u00e9rosit\u00e9, nous vous proposons un acc\u00e8s libre \u00e0 toutes les projections et des billets d\u2018entr\u00e9es \u00e0 offrir \u00e0 vos proches.<\/p>\n\n\n\n<p>En cas de questions: <\/p>\n\n\n\n<p><a href=\"mailto:contact@visionsdureel.ch\">contact@visionsdureel.ch<\/a><br>+41 22&nbsp;365 44 55<\/p>\n\n\n\n<p><\/p>\n\n\n\n<h2 class=\"wp-block-heading\">Voir aussi <a href=\"https:\/\/2026.visionsdureel.ch\/info\/benevoles\/\">B\u00e9n\u00e9voles<\/a><\/h2>\n\n\n      <\/div>\n    <\/div>\n  \n    <div class=\"w-100 container-fluid carousel-block-container\">\n    <div class=\"row mx-n3\">\n\n      <div class=\"col-sm d-none d-lg-block\"><\/div>\n                      <div class=\"col-12 col-sm-6 col-lg-4 \">\n            <article class=\"article-selection mb-5 mb-sm-4 mb-md-3 post-192671\">\n    <a class=\"link-image thumbnail-16-9\" data-href=\"https:\/\/2026.visionsdureel.ch\/de\/info\/benevoles\/\" href=\"https:\/\/2026.visionsdureel.ch\/de\/info\/benevoles\/\">\n      <img loading=\"lazy\" decoding=\"async\" width=\"270\" height=\"180\" src=\"https:\/\/2026.visionsdureel.ch\/wp-content\/uploads\/2021\/01\/240420_infra\u00a9nikita_thevoz_0-07_web-270x180.jpeg\" class=\"attachment-thumbnail size-thumbnail wp-post-image\" alt=\"\" sizes=\"auto, (max-width: 575px) 100vw, (max-width: 991px) calc(100vw \/ 2), (-webkit-min-device-pixel-ratio: 1.5) calc(100vw \/ 3), calc(100vw \/ 3)\" srcset=\"https:\/\/2026.visionsdureel.ch\/wp-content\/uploads\/2021\/01\/240420_infra\u00a9nikita_thevoz_0-07_web-270x180.jpeg 270w, https:\/\/2026.visionsdureel.ch\/wp-content\/uploads\/2021\/01\/240420_infra\u00a9nikita_thevoz_0-07_web-720x480.jpeg 720w, https:\/\/2026.visionsdureel.ch\/wp-content\/uploads\/2021\/01\/240420_infra\u00a9nikita_thevoz_0-07_web-1080x720.jpeg 1080w, https:\/\/2026.visionsdureel.ch\/wp-content\/uploads\/2021\/01\/240420_infra\u00a9nikita_thevoz_0-07_web-360x240.jpeg 360w, https:\/\/2026.visionsdureel.ch\/wp-content\/uploads\/2021\/01\/240420_infra\u00a9nikita_thevoz_0-07_web-540x360.jpeg 540w, https:\/\/2026.visionsdureel.ch\/wp-content\/uploads\/2021\/01\/240420_infra\u00a9nikita_thevoz_0-07_web-1620x1080.jpeg 1620w, https:\/\/2026.visionsdureel.ch\/wp-content\/uploads\/2021\/01\/240420_infra\u00a9nikita_thevoz_0-07_web.jpeg 1920w\" \/>          <\/a>\n        <h4 class=\"mt-2 mb-1 \">\n      Freiwillige    <\/h4>\n                  <div class=\"mt-2\"> <a href=\"https:\/\/2026.visionsdureel.ch\/de\/info\/benevoles\/\" class=\" \">\n          Mehr        <\/a> <\/div>\n      <\/article>\n        <\/div>\n      \n      <div class=\"col-sm d-none d-lg-block\"><\/div>    <\/div>\n  <\/div>\n  \n      <div class=\"row\">\n      <div class=\"col-12 col-sm-10 col-md-9 col-lg-7 col-xl-6 mx-auto\">\n          ","protected":false},"excerpt":{"rendered":"<p>Chaque ann\u00e9e, nous sommes \u00e0 la recherche de logements pour accueillir les \u00e9quipes du Festival sur Nyon.  N&#8217;h\u00e9sitez pas \u00e0 prendre contact avec nous si vous avez une chambre \u00e0 disposition durant cette p\u00e9riode pour accueillir notre merveilleuse \u00e9quipe !<\/p>\n","protected":false},"featured_media":192769,"parent":0,"menu_order":0,"template":"","meta":{"_acf_changed":false},"class_list":["post-26551","info","type-info","status-publish","has-post-thumbnail","hentry"],"acf":[],"_links":{"self":[{"href":"https:\/\/2026.visionsdureel.ch\/de\/wp-json\/wp\/v2\/info\/26551","targetHints":{"allow":["GET"]}}],"collection":[{"href":"https:\/\/2026.visionsdureel.ch\/de\/wp-json\/wp\/v2\/info"}],"about":[{"href":"https:\/\/2026.visionsdureel.ch\/de\/wp-json\/wp\/v2\/types\/info"}],"wp:featuredmedia":[{"embeddable":true,"href":"https:\/\/2026.visionsdureel.ch\/de\/wp-json\/wp\/v2\/media\/192769"}],"wp:attachment":[{"href":"https:\/\/2026.visionsdureel.ch\/de\/wp-json\/wp\/v2\/media?parent=26551"}],"curies":[{"name":"wp","href":"https:\/\/api.w.org\/{rel}","templated":true}]}}

<p>Chaque année, nous sommes à la recherche de logements pour accueillir les équipes du Festival sur Nyon. La prochaine édition se déroulera du 17 au 26 avril 2026. N&#8217;hésitez pas à prendre contact avec nous si vous avez une chambre à disposition durant cette période pour accueillir notre merveilleuse équipe!</p>



<div class="wp-block-buttons is-layout-flex wp-block-buttons-is-layout-flex">
<div class="wp-block-button has-custom-width wp-block-button__width-50 is-style-outline is-style-outline--1"><a class="wp-block-button__link has-accent-color has-text-color has-link-color wp-element-button" href="mailto:contact@visionsdureel.ch" style="border-radius:0px">Devenir logeur·euse·s</a></div>
</div>



<h2 class="wp-block-heading"><br>Vos privilèges </h2>



<p>En contrepartie de votre générosité, nous vous proposons un accès libre à toutes les projections et des billets d‘entrées à offrir à vos proches.</p>



<p>En cas de questions: </p>



<p><a href="mailto:contact@visionsdureel.ch">contact@visionsdureel.ch</a><br>+41 22&nbsp;365 44 55</p>



<p></p>



<h2 class="wp-block-heading">Voir aussi <a href="https://2026.visionsdureel.ch/info/benevoles/">Bénévoles</a></h2>


      </div>
    </div>
  
    <div class="w-100 container-fluid carousel-block-container">
    <div class="row mx-n3">

      <div class="col-sm d-none d-lg-block"></div>
                      <div class="col-12 col-sm-6 col-lg-4 ">
            <article class="article-selection mb-5 mb-sm-4 mb-md-3 post-192671">
    <a class="link-image thumbnail-16-9" data-href="https://2026.visionsdureel.ch/de/info/benevoles/" href="https://2026.visionsdureel.ch/de/info/benevoles/">
      <img loading="lazy" decoding="async" width="270" height="180" src="https://2026.visionsdureel.ch/wp-content/uploads/2021/01/240420_infra©nikita_thevoz_0-07_web-270x180.jpeg" class="attachment-thumbnail size-thumbnail wp-post-image" alt="" sizes="auto, (max-width: 575px) 100vw, (max-width: 991px) calc(100vw / 2), (-webkit-min-device-pixel-ratio: 1.5) calc(100vw / 3), calc(100vw / 3)" srcset="https://2026.visionsdureel.ch/wp-content/uploads/2021/01/240420_infra©nikita_thevoz_0-07_web-270x180.jpeg 270w, https://2026.visionsdureel.ch/wp-content/uploads/2021/01/240420_infra©nikita_thevoz_0-07_web-720x480.jpeg 720w, https://2026.visionsdureel.ch/wp-content/uploads/2021/01/240420_infra©nikita_thevoz_0-07_web-1080x720.jpeg 1080w, https://2026.visionsdureel.ch/wp-content/uploads/2021/01/240420_infra©nikita_thevoz_0-07_web-360x240.jpeg 360w, https://2026.visionsdureel.ch/wp-content/uploads/2021/01/240420_infra©nikita_thevoz_0-07_web-540x360.jpeg 540w, https://2026.visionsdureel.ch/wp-content/uploads/2021/01/240420_infra©nikita_thevoz_0-07_web-1620x1080.jpeg 1620w, https://2026.visionsdureel.ch/wp-content/uploads/2021/01/240420_infra©nikita_thevoz_0-07_web.jpeg 1920w" />          </a>
        <h4 class="mt-2 mb-1 ">
      Freiwillige    </h4>
                  <div class="mt-2"> <a href="https://2026.visionsdureel.ch/de/info/benevoles/" class=" ">
          Mehr        </a> </div>
      </article>
        </div>
      
      <div class="col-sm d-none d-lg-block"></div>    </div>
  </div>
  
      <div class="row">
      <div class="col-12 col-sm-10 col-md-9 col-lg-7 col-xl-6 mx-auto">

<p>Chaque année, nous sommes à la recherche de logements pour accueillir les équipes du Festival sur Nyon.  N&#8217;hésitez pas à prendre contact avec nous si vous avez une chambre à disposition durant cette période pour accueillir notre merveilleuse équipe !</p>
