{"id":27313,"date":"2014-01-01T00:00:00","date_gmt":"2013-12-31T23:00:00","guid":{"rendered":"https:\/\/vdr.daisybell.ch\/news\/pierre-yves-vandeweerd\/"},"modified":"2021-06-07T12:05:41","modified_gmt":"2021-06-07T10:05:41","slug":"pierre-yves-vandeweerd","status":"publish","type":"atelier","link":"https:\/\/2026.visionsdureel.ch\/de\/programm\/ateliers\/pierre-yves-vandeweerd\/","title":{"rendered":"Pierre-Yves Vandeweerd"},"content":{"rendered":"\n<h2 class=\"wp-block-heading\" id=\"h-le-r-el-sublim-par-l-image\">Le r\u00e9el sublim\u00e9 par l\u2019image<\/h2>\n\n\n\n<p>Anthropologue de formation, Pierre-Yves Vandeweerd se plonge corps et \u00e2me dans les histoires qu\u2019il raconte, se laissant porter parfois dans des directions insoup\u00e7onn\u00e9es. Sa d\u00e9marche commence avant tout par une observation intense, voire une immersion totale dans un univers. Il se poursuit par un travail esth\u00e9tique fort qui sublime son propos et lui donne du sens au-del\u00e0 de toute attente.<\/p>\n\n\n\n<h2 class=\"wp-block-heading\" id=\"h-pierre-yves-vandeweerd-vu-par-les-tudiants-de-l-ecal\">Pierre-Yves Vandeweerd vu par les \u00e9tudiants de l\u2019ECAL<\/h2>\n\n\n\n<figure class=\"wp-block-embed is-type-video is-provider-youtube wp-block-embed-youtube wp-embed-aspect-16-9 wp-has-aspect-ratio\"><div class=\"wp-block-embed__wrapper\">\n<iframe loading=\"lazy\" title=\"Ateliers Visions du R\u00e9el 2014 | Vandeweerd vu par l&#039;ECAL\" width=\"580\" height=\"326\" src=\"https:\/\/www.youtube.com\/embed\/vgQbFQygEGQ?feature=oembed&#038;modestbranding=1&#038;showinfo=0&#038;rel=0\" frameborder=\"0\" allow=\"accelerometer; autoplay; clipboard-write; encrypted-media; gyroscope; picture-in-picture; web-share\" referrerpolicy=\"strict-origin-when-cross-origin\" allowfullscreen><\/iframe>\n<\/div><\/figure>\n\n\n\n<p>&nbsp;<\/p>\n\n\n\n<h2 class=\"mb-0 wp-block-heading\" id=\"h-films-de-la-s-lection\">Films de la s\u00e9lection<\/h2>\n\n\n<\/div>\n<\/div>\n<div class=\"row mt-3 px-1 justify-content-center\">\n  <\/div>\n<div class=\"row mt-4\">\n<div class=\"col-12 col-sm-10 col-md-9 col-lg-7 col-xl-6 mx-auto\">\n\n\n\n<p>&nbsp;<\/p>\n\n\n\n<h2 class=\"wp-block-heading\" id=\"h-les-ateliers\">Les ateliers<\/h2>\n\n\n","protected":false},"excerpt":{"rendered":"<p>Le r\u00e9el sublim\u00e9 par l\u2019image Anthropologue de formation, Pierre-Yves Vandeweerd se plonge corps et \u00e2me dans les histoires qu\u2019il raconte,<\/p>\n","protected":false},"featured_media":157867,"menu_order":0,"template":"","meta":{"_acf_changed":false},"class_list":["post-27313","atelier","type-atelier","status-publish","has-post-thumbnail","hentry"],"acf":[],"_links":{"self":[{"href":"https:\/\/2026.visionsdureel.ch\/de\/wp-json\/wp\/v2\/atelier\/27313","targetHints":{"allow":["GET"]}}],"collection":[{"href":"https:\/\/2026.visionsdureel.ch\/de\/wp-json\/wp\/v2\/atelier"}],"about":[{"href":"https:\/\/2026.visionsdureel.ch\/de\/wp-json\/wp\/v2\/types\/atelier"}],"wp:featuredmedia":[{"embeddable":true,"href":"https:\/\/2026.visionsdureel.ch\/de\/wp-json\/wp\/v2\/media\/157867"}],"wp:attachment":[{"href":"https:\/\/2026.visionsdureel.ch\/de\/wp-json\/wp\/v2\/media?parent=27313"}],"curies":[{"name":"wp","href":"https:\/\/api.w.org\/{rel}","templated":true}]}}

<h2 class="wp-block-heading" id="h-le-r-el-sublim-par-l-image">Le réel sublimé par l’image</h2>



<p>Anthropologue de formation, Pierre-Yves Vandeweerd se plonge corps et âme dans les histoires qu’il raconte, se laissant porter parfois dans des directions insoupçonnées. Sa démarche commence avant tout par une observation intense, voire une immersion totale dans un univers. Il se poursuit par un travail esthétique fort qui sublime son propos et lui donne du sens au-delà de toute attente.</p>



<h2 class="wp-block-heading" id="h-pierre-yves-vandeweerd-vu-par-les-tudiants-de-l-ecal">Pierre-Yves Vandeweerd vu par les étudiants de l’ECAL</h2>



<figure class="wp-block-embed is-type-video is-provider-youtube wp-block-embed-youtube wp-embed-aspect-16-9 wp-has-aspect-ratio"><div class="wp-block-embed__wrapper">
<iframe loading="lazy" title="Ateliers Visions du Réel 2014 | Vandeweerd vu par l&#039;ECAL" width="580" height="326" src="https://www.youtube.com/embed/vgQbFQygEGQ?feature=oembed&#038;modestbranding=1&#038;showinfo=0&#038;rel=0" frameborder="0" allow="accelerometer; autoplay; clipboard-write; encrypted-media; gyroscope; picture-in-picture; web-share" referrerpolicy="strict-origin-when-cross-origin" allowfullscreen></iframe>
</div></figure>



<p>&nbsp;</p>



<h2 class="mb-0 wp-block-heading" id="h-films-de-la-s-lection">Films de la sélection</h2>


</div>
</div>
<div class="row mt-3 px-1 justify-content-center">
  </div>
<div class="row mt-4">
<div class="col-12 col-sm-10 col-md-9 col-lg-7 col-xl-6 mx-auto">



<p>&nbsp;</p>



<h2 class="wp-block-heading" id="h-les-ateliers">Les ateliers</h2>

<p>Le réel sublimé par l’image Anthropologue de formation, Pierre-Yves Vandeweerd se plonge corps et âme dans les histoires qu’il raconte,</p>
